 8*d**2 - 12*d - 1. Let i(g) = g**3 + g**2 + 1. Let k(h) = f(h) + i(h). What is the tens digit of k(-8)?
6
Let q = 21 - 14. Let r be (-20)/(-2) + -4 + 2. Suppose 5*c - q = r. What is the units digit of c?
3
Let r be -1*(-2 + 2)/2. Suppose r = 4*c - 2 - 14. Suppose -y - 3 = 5*p, c*y = -p + 3*p + 76. What is the tens digit of y?
1
Let p = -3076 + 5728. What is the tens digit of p?
5
Let o = -14 + 20. Suppose -5*b = -p - o*b + 10, 0 = p - 2*b + 5. Suppose p*u + 3*z - 335 = -z, -2*u = -5*z - 101. What is the tens digit of u?
6
Let v(a) = 14*a + 4. Let c be v(-1). Let z(k) = 2*k**2 + 10*k - 12. What is the tens digit of z(c)?
8
What is the units digit of 6*(-7)/28 - (-8124)/8?
4
Let i = -464 + 778. Let z = -205 + i. What is the hundreds digit of z?
1
Suppose 2*t - 3*l - 1018 = 0, -8*t + 5*t - 5*l + 1527 = 0. What is the hundreds digit of t?
5
Let r(n) = 6*n + 29. Let j be r(-4). Suppose 2*k = w + 248 + 124, -10 = -j*w. What is the units digit of k?
7
Let x(b) = b**3 - 12*b**2 + 16*b - 26. Suppose -6*z = 9 - 75. What is the units digit of x(z)?
9
Let x(n) = n**3 - 6*n**2 + 7. Let a be x(4). Let o = a - -152. What is the units digit of o?
7
Let x = -675 - -980. What is the tens digit of x?
0
Let d = -9 + -15. Let c = -22 - d. What is the tens digit of (-726)/(-42) - c/7?
1
Let k = 96 - 96. Suppose v - 249 = 3*j, k = -4*j - 7 - 5. What is the tens digit of v?
4
Let g(i) = -i**2 - 118*i - 36. What is the hundreds digit of g(-47)?
3
Suppose o - 4 = 0, -2*s - 4*o = 2*s - 40. Suppose 2*i - 4 = s. Suppose 5*p + l - 106 = 5*l, -i*l - 38 = -p. What is the tens digit of p?
1
Suppose 5*b = -4*s + 58, b - 4*b + 36 = 3*s. What is the units digit of b?
0
Suppose -9*n + 1102 = -1823. What is the tens digit of n?
2
Suppose 4*q = -2*j + 38, -j - 5*q = -6 - 28. Suppose -j = -6*m + 3*m. What is the units digit of m?
3
Let w = -13 - -13. Let u = -29 - w. Let k = 44 + u. What is the tens digit of k?
1
Suppose -4063 - 1527 = -13*f. What is the hundreds digit of f?
4
Suppose 2*y = 2*g + 136, 3*y - 6 = 6*y. Let q be -6*g/15*-1. What is the tens digit of (-366)/(-8) - 7/q?
4
Suppose -2 = -s, -2*n + 824 = 3*s - s. What is the units digit of n?
0
Let u(a) = -2*a**2 + 16*a. Let s be u(8). What is the tens digit of 1 + s - (5 + -29)?
2
Let o = 1588 + -847. What is the units digit of o?
1
Let l = -86 + 68. Let k(h) = -h**3 - 16*h**2 + 23*h + 8. What is the hundreds digit of k(l)?
2
Let v(r) be the third derivative of r**6/120 + 7*r**5/60 - r**4/3 + 3*r**3/2 + 2*r**2. Let d be v(-8). What is the units digit of d/((-18)/4) - -37?
5
Let t(g) = -832*g - 363. What is the hundreds digit of t(-4)?
9
Let c(p) = -41*p**3 + 4*p**2 + 4. Let n(s) = 41*s**3 - 5*s**2 - 5. Let i(l) = -5*c(l) - 4*n(l). What is the tens digit of i(1)?
4
Suppose 132 = 3*a - 240. Let b = a + -6. What is the tens digit of b?
1
Let k(a) = -a**3 + 4. Let l be k(-3). Let s = -16 + l. Suppose -5*o + 50 = -s. What is the units digit of o?
3
Let r = -274 - -463. What is the units digit of r?
9
Suppose 3*g - 7 = g + 3*s, 4*g + 3*s = 5. Let q = 58 + -36. Suppose -g*r = -k - q, -4*k + 58 = 4*r + k. What is the units digit of r?
2
Let t be (-8)/(-6) - (-17 + 1144/39). Suppose 5*p = -56 + 151. Let h = p + t. What is the units digit of h?
8
Suppose -11*q = -46191 + 10331. What is the units digit of q?
0
Suppose 2*n = -2*u + 140, n - 2*u - 55 = 9. Let f = -23 + n. What is the tens digit of f?
4
Let s = -119 + 559. Suppose a + 451 - 158 = 2*l, -3*l + s = -a. What is the units digit of l?
7
Let l = 1753 + -721. What is the hundreds digit of l?
0
Let h(n) = -4*n + 1. Suppose 5*o = -4*p + 154, -5*o + 0*p = -2*p - 148. Let r = 26 - o. What is the units digit of h(r)?
7
Let f(x) = -14*x + 1. Let n(c) = -c**3 + 7*c**2 + c - 8. Let z be n(7). Let d be f(z). Suppose -d = 4*q - 55. What is the tens digit of q?
1
Let n(j) = -5*j - 1 - 10*j**2 + 0*j + 4*j + 12*j**2 + 36*j**3. What is the units digit of n(1)?
6
Suppose 84*n - 86*n + 706 = 0. What is the tens digit of n?
5
Let a = 5579 - 3400. What is the thousands digit of a?
2
Let v = -26 + 63. Suppose -2*s - 126 = 4*s. Let l = v + s. What is the tens digit of l?
1
Suppose -25 = -h + 3*d, -2*h + 53 = 3*h + 3*d. Let v = h - 12. Suppose 0 = 4*c - 3*f - v - 3, 16 = 2*c + 2*f. What is the units digit of c?
4
Suppose -3*v + 2*u = -4599, 0 = 2*v - 16*u + 11*u - 3066. What is the hundreds digit of v?
5
Let l be 58/18 + (-12)/54. Suppose 7 = -l*o + 76. What is the tens digit of o?
2
Let t(k) = -18*k - 81. What is the tens digit of t(-22)?
1
Suppose 5*l + 240 + 455 = 5*w, 2*w = -4*l + 284. What is the units digit of w?
0
Let r(h) = -15*h - 46. What is the tens digit of r(-19)?
3
Let m be (-2)/3*(-3)/2. Suppose h - 6*h + 2*b + 508 = 0, -b = -m. What is the units digit of h?
2
Suppose -3*c + 3 = m - 5, 5*c + 3*m - 8 = 0. Suppose -c*a - 32 = -0*a. Let v = a - -9. What is the units digit of v?
1
Let d(s) = 23*s**3 - 7*s**2 - 5*s. Let b(o) = 0*o - 7*o**2 + 4*o**2 - 2*o + 12*o**3. Let f(w) = -5*b(w) + 2*d(w). What is the units digit of f(-1)?
5
Let y(q) = 135*q - 64. What is the thousands digit of y(11)?
1
Suppose 1155 = 2*u + 5*u. Let j = u + -115. What is the tens digit of j?
5
Let m be (3 - -75)/((-4)/(-2)). Suppose m - 1 = v. What is the units digit of v?
8
Let m = 3526 + -2021. What is the units digit of m?
5
Let z(w) = 8*w**2 - 15*w + 35. What is the hundreds digit of z(-7)?
5
Suppose 5 = -4*r - 3*m, -2*m + 3 = -r - m. Let l = -37 - -10. What is the units digit of l/(0 - (-1)/r)?
4
Let q(u) = -4*u - 15. Let x be q(-4). What is the units digit of 0 + (3 - (-162 + x)/1)?
4
Let z = 44 - 41. Suppose 3*v - 372 = -z*d, -4*d + 3*v + v + 456 = 0. What is the tens digit of d?
1
Let r(h) = 8*h**2 - 9*h - 57. What is the hundreds digit of r(14)?
3
Suppose 0 = -6*k + 2348 + 1540. What is the tens digit of k?
4
What is the tens digit of ((-15)/(-20) + (-1)/(-4))*47?
4
Let n(x) = x**3 - 5*x**2 + 2*x - 6. Let m be n(0). Let q(w) = -w**2 - 12*w - 6. What is the tens digit of q(m)?
3
Let t(z) = -z**2 - 3*z + 12. Suppose -4*f - 5*r = 40, -3*r = -2*f - r - 2. Let g be t(f). Suppose l = g + 22. What is the tens digit of l?
2
What is the tens digit of (200 + -18)*(-7)/(-2)?
3
Let g = 143 - 140. Let h(i) = i**2 - i + 7. Let y be h(0). What is the units digit of (y/(-2))/(g/(-6))?
7
Suppose -2*n + 8 = 0, -3*n = 2*i - n - 8. What is the units digit of (1 - i)*(9 + 133)?
2
Let m(o) = -o + 19. Let l be m(-20). Suppose 9*i - 6*i = l. What is the units digit of i?
3
Let w = -518 - -1533. What is the tens digit of w?
1
Let y be 29 + 13 - (3 - 1). Suppose 0 = k - 1 - 4. Suppose -k - y = -3*t. What is the units digit of t?
5
Let u(g) = -g**3 - 2*g**2 + 5*g + 21. Let a(k) = 3*k - 27. Let i be a(7). What is the units digit of u(i)?
5
Let b be (3/2)/(9/90). Suppose 0 = -3*v + 3, -5*f + 3*v = -3*f + b. What is the units digit of 675/(-10)*4/f?
5
Let y be ((-3)/2 + 2)*-84. Let t be (y/(-9)*-3)/(-1). Let u = 40 - t. What is the tens digit of u?
2
Let p = 597 - 600. Let q(t) = 7*t**2 + 7*t + 8. Let i(f) = 14*f**2 + 15*f + 17. Let h(y) = -2*i(y) + 5*q(y). What is the units digit of h(p)?
4
Suppose -b = 2*t - 731, 0 = 8*t - 5*t - 4*b - 1091. What is the tens digit of t?
6
Suppose -v + 2*v + 13 = -5*t, 0 = -4*t - 4. Let z = v - -29. What is the tens digit of z?
2
Let h(p) = -p + 3. Let q be h(7). Let s be (-10)/4 - q/8. Let b(y) = -12*y - 3. What is the units digit of b(s)?
1
Suppose 7*r - 11*r + 8 = 0. Suppose -3*p = 3*d - 147, -5*d + 3*p + r*p = -285. What is the tens digit of d?
5
Let b = 7 - 13. Let a be 238/22 + b/(-33). Suppose -2*h + a = -9. What is the units digit of h?
0
Let n = 425 + -214. Let c = n - -14. What is the units digit of c?
5
Let s(p) be the first derivative of p**2 - 2*p + 7. Let v be s(1). Suppose -9*h + 3*h + 12 = v. What is the units digit of h?
2
Let b(a) = a**3 - 4*a**2 + 4*a - 3. Let s be b(3). Suppose 3*g - 4*g - n - 18 = s, 1 = n. Let l = 9 - g. What is the tens digit of l?
2
Suppose 0*r + 4*r = -2*k - 762, 0 = -5*k + 2*r - 1929. Let f be 4/(-24) - k/6. Let w = f + -34. What is the tens digit of w?
3
Suppose 0 = 2*j + 5*g - 482, 0 = -g - 3 + 5. What is the tens digit of j?
3
Let d(g) = g**3 - 10*g**2 + 9*g + 3. Let b be -2*-6*3/4. Let i be d(b). Suppose 0 = i*w - 0*w + 5*t - 88, -3*w = -4*t - 97. What i